is the tens digit of h(i)?
2
Let f be (-8)/10*(-165)/22. Suppose -3*p + 9 = -f*p - 5*z, 15 = -5*p - 4*z. What is the units digit of p/(-4) - (-3)/12?
1
Suppose 5*i = 3*g - 6827, 3*i + 3239 + 3598 = 3*g. What is the thousands digit of g?
2
Suppose 0 = 9*y - 4*y. Suppose y = s - 5*s + 696. What is the tens digit of s?
7
Let y(v) = v**2 + 5*v. Let a(t) = t**2 + 7*t - 4. Let q be a(-8). What is the tens digit of y(q)?
3
Suppose -9*n + 8*n - 76 = 0. What is the units digit of n*(0 + 2/(-2))?
6
Suppose -u - 16 = -4*j, 2*u + 11 = -j + 6*u. Suppose 0 = i - j*i. What is the tens digit of i + (-5)/((-5)/21)?
2
Let q(z) = -z**3 - 11*z**2 + 4*z - 11. Let i(n) = n**3 + 10*n**2 - 4*n + 10. Let y(r) = 5*i(r) + 4*q(r). What is the units digit of y(-5)?
1
Let w(l) = -4*l**3 - 5*l**2 + 5*l - 46. What is the thousands digit of w(-9)?
2
What is the thousands digit of (-2 - 34/6)*(-6768)/48?
1
Suppose -j + 4*j - 9 = 0. Suppose -q - 21 = -2*m + 6, 5*q = j*m - 30. Suppose -4*f = -3*f - m. What is the tens digit of f?
1
Let f(a) = a**2 - 5*a - 1. Suppose 0 = -3*d + 5*j + 8, 3*j + j = 8. Let k be f(d). Suppose 19 = k*h - 4*h. What is the units digit of h?
9
Let c be (-13)/(-3) + 18/27. Suppose -2*k = -4*i + 54, 4*k - c = 2*i - 29. What is the units digit of i?
4
Suppose 26*t = 27*t - 2. Let r be (0/(8/t))/2. Suppose 0 = -m - 3*m + q + 101, r = -q - 5. What is the tens digit of m?
2
Suppose -27*o + 23*o = -3016. What is the units digit of o?
4
What is the tens digit of (-18)/(-5)*(-20340)/(-72)?
1
Let c(j) = -4*j**3 + 3*j**2 - 27*j - 258. What is the units digit of c(-8)?
8
Let a = 5488 + -2574. What is the hundreds digit of a?
9
Let b = 406 + 131. What is the units digit of b?
7
Suppose -5 - 17 = -11*z. What is the units digit of 3/z - 782/(-4)?
7
Suppose -9*f = -18*f + 6759. What is the units digit of f?
1
Let u = 191 - -49. Suppose -5*o + 0*o = -u. What is the tens digit of o?
4
Suppose -4*u + 3 + 11 = -2*g, -4*g = u - 17. Suppose 5*a = g*s - 11, -4*s + 3*s - 1 = 3*a. Let l(f) = 2*f**3 + f**2 - 2*f. What is the tens digit of l(s)?
1
Suppose 1469 = 2*t - 4*v + 215, 0 = -4*t - 3*v + 2497. What is the hundreds digit of t?
6
Let z(l) = -4*l - 21. Let k be z(-6). Suppose -m = 3*a + k, 2*m = -0*m + 5*a + 27. What is the tens digit of 3/2 + 63/m?
1
Let v(n) = 24*n. Let b be v(2). Let l be ((-6)/4)/(18/b). What is the tens digit of l + (-3 - -4) + 40?
3
Let r = -133 - -78. Let q be (4/1)/(5/r). Let j = -26 - q. What is the units digit of j?
8
Suppose 3*q = 3*o + 984, q - 2*o - 304 = 29. What is the units digit of q?
3
Let x be -5*((-2)/(-2) + -2). Let a(j) = -j**3 + 8*j**2 - 7*j + 7. What is the tens digit of a(x)?
4
Suppose 4964 = 21*v + 13*v. What is the units digit of v?
6
Let a(i) = 144*i**3 - 37*i**2 + i + 1. What is the thousands digit of a(3)?
3
Let k(f) = f - 11. Let l be k(9). Let o be 60/9*(1 - l). Suppose -4*h = o, 2*c = -2*c - 4*h + 64. What is the tens digit of c?
2
Suppose 40*f - 42*f + 6 = 0. Suppose 6*z = 5*z + h + 335, 333 = z - f*h. What is the units digit of z?
6
What is the hundreds digit of -5 + 4 - -379 - (4 + -7)?
3
Suppose 7*u = 6*u - v + 3328, 3*u - 2*v - 10004 = 0. What is the hundreds digit of u?
3
Let j(c) be the third derivative of 5*c**4/24 - c**3/3 + 5*c**2. Let d(b) = 15*b - 5. Let k(v) = -3*d(v) + 8*j(v). What is the units digit of k(-3)?
4
Let a be -2*(4 - 33/6). Let v(x) = -35*x**3 + 4*x. Let y(m) = -34*m**3 + 3*m. Let b(z) = a*y(z) - 2*v(z). What is the units digit of b(-1)?
1
Let n = 30 - 20. Suppose -2 = -4*g + n. What is the tens digit of -142*(6/(-4))/g?
7
Suppose o = 145 + 8. Let z = o + -81. Suppose -g = 2, g = 7*r - 2*r - z. What is the tens digit of r?
1
Let a = -5 + 9. Let v = -2 + a. Suppose -v*p - 3*n + 47 = 2*n, p + 4*n = 31. What is the tens digit of p?
1
Suppose 0*k + 28 = -k. Let f(t) = -t**3 - 7*t**2 + 10*t - 4. Let j be f(-8). Let g = j - k. What is the units digit of g?
8
Suppose -5*a + 1346 = -2574. What is the units digit of a?
4
Let a(t) = -156*t - 2. Let y be a(1). What is the units digit of (y*(1 + 0))/(-1)?
8
Let j(i) = -7*i - 10. Let n be j(-22). What is the tens digit of (-6)/2 + n/2?
6
Let u = 106 - 60. Suppose 0 = -5*k - u + 161. Suppose 0 = -0*p + p - k. What is the tens digit of p?
2
What is the tens digit of (94/12 - 8) + 15373/6?
6
Suppose b + 4 - 11 = 0. Let u(p) = p - 5. Let i be u(b). Suppose -q + s + 2 = -i, 3*q = -s + 16. What is the units digit of q?
5
Suppose 0 = 5*i - 11 - 9, -2*i = -r + 385. What is the tens digit of r?
9
Suppose -347*m + 1317 = -344*m. What is the hundreds digit of m?
4
Let x = 408 - -734. What is the tens digit of x?
4
Suppose -l + 12 = -26. Suppose l = h - 14. Suppose -6*s - j + h = -s, 4*j - 18 = -s. What is the units digit of s?
0
Let b = -128 - -309. Suppose -2*z = -2*u - z + 129, -3*u + b = z. What is the units digit of u?
2
Let c = 98 - -49. What is the units digit of c?
7
Suppose -2*k + 2 = -n, 3*n + 6 = 3*k + 2*k. What is the units digit of 2 + 3/12*k?
2
Suppose -4*k = -5*i - 2*k - 38, -4*k + 10 = i. Let q = -8 - i. Let a = 18 - q. What is the tens digit of a?
2
Let i(d) = -21*d + 30. Let v = -57 - -51. What is the tens digit of i(v)?
5
What is the hundreds digit of (7480/(-12))/(-2)*3 + -2?
9
Let p be -26*(-5)/(-20)*(2 + 0). Let g(t) = -t**2 - 16*t + 6. What is the units digit of g(p)?
5
Let v be 0 + (-4 - -1) + 4. Let g(j) = j. Let i(z) = 8*z - 1. Let m(a) = -4*g(a) + i(a). What is the units digit of m(v)?
3
Let j(l) = -5*l + 7*l + 0*l - 4. Let n(a) = -a. Let c be n(-5). What is the units digit of j(c)?
6
Let b(h) = 153*h**2 - 3*h - 10. What is the units digit of b(-2)?
8
Let j = -482 + 877. What is the tens digit of j?
9
Let q(j) = -j**2 - 5*j + 8. Let g be q(-6). Suppose -5*p - 125 = -2*b, -3*p = 2*b + g*b - 185. Let z = b + -7. What is the tens digit of z?
4
Suppose -h - 78 = -7*h. Suppose -2*y + 93 - h = 0. What is the units digit of y?
0
Suppose -2*q - 326 + 938 = 0. Let u = q + -168. What is the hundreds digit of u?
1
Let x(k) = -k**3 - k**2. Let h be x(-2). Let l = h - -10. What is the tens digit of l?
1
Let s(n) = 8*n**2 - 4*n + 6. What is the units digit of s(-6)?
8
What is the hundreds digit of 5440/128*(-428)/(-10)?
8
Suppose 0 = -4*o + 5*d + 3, -4*o = -d - 12 - 11. What is the tens digit of 28/49 + 346/o?
5
Let n = 33 + -33. Suppose n = 3*l + 4*b - 11 - 185, 0 = -4*l - 5*b + 261. What is the units digit of l?
4
Suppose -3*s + d = -7, 6*s - 8*s = -5*d - 9. Suppose 672 = 4*o - 3*p, 0 = -2*o + s*p - 6*p + 336. What is the hundreds digit of o?
1
Let o(d) be the second derivative of d**4/12 + d**3 + 53*d**2/2 + 17*d. What is the units digit of o(-13)?
4
Suppose -11 + 1 = -5*b. Suppose q = -b*d + 2, -d + q - 13 = 5*q. Suppose d*m = -g + m + 13, 0 = -5*g + 3*m + 52. What is the units digit of g?
1
Suppose 3*n - 3*f = 404 + 166, 0 = -3*n + 4*f + 569. What is the hundreds digit of n?
1
Let t = 8 - 8. Suppose t*g - 8*g + 648 = 0. What is the units digit of g?
1
Suppose 12*m - 8*m - 744 = 0. Suppose 14*x - m = 11*x. What is the units digit of x?
2
Let x(f) = -f + 30. Let y(s) = 2*s - 30. Let v(a) = 3*x(a) + 2*y(a). What is the units digit of v(9)?
9
Let y = -1 - -1. Suppose -5*w + 135 + 90 = y. Suppose -4*r = n - w, -4*n = 3*r - 4 - 176. What is the tens digit of n?
4
Suppose 53*y - 30835 = 33348. What is the units digit of y?
1
Let j(w) = 2*w + 26. Let y(l) = 5 - l**2 - l**3 - 2*l + 0*l**2 - 2*l - 5*l**2. Let o be y(-5). What is the units digit of j(o)?
6
Let p = 158 - 59. What is the units digit of p?
9
Let q = -9 - -10. Let h(n) = 123*n - 1. What is the hundreds digit of h(q)?
1
Let q = -55 - -247. What is the tens digit of q/7 - (-28)/49?
2
Suppose t - 5*s = 2*t + 17, s = -2*t - 7. Let o be ((-3)/t)/(6/24). Let q = o + 4. What is the units digit of q?
0
Suppose -27 - 21 = 4*k. Suppose 2*d - 25 = -3*p + 1, 2*d + 22 = p. What is the tens digit of k/(-3)*(p - 2)?
4
Suppose 0*z + 4*z - 16457 = -3*k, -5*z - 3*k = -20575. What is the hundreds digit of z?
1
Let t = 26 + -30. What is the units digit of 2/t*(-37 - -3)?
7
Let n(o) = -2*o - 35. Let i be n(-18). What is the tens digit of -1 - i - (-1305)/29?
4
Suppose 5*x - 734 = 2421. What is the tens digit of x?
3
Let c(g) = g**3 + 3*g**2 - 18*g - 46. What is the units digit of c(-3)?
8
Let c(q) = 156*q + 622. What is t